4*o, w*g + 2*o - 21 = 0. What is the highest common factor of 18 and g?
9
Let w(x) = 7*x + 16. Let y be w(0). Calculate the greatest common divisor of y and 24.
8
Let j = -22 + 27. Calculate the highest common divisor of j and 10.
5
Suppose w + 3*s + 2*s - 28 = 0, -w + 64 = -4*s. Let m = 0 + w. Calculate the highest common divisor of 16 and m.
16
Let q = -42 + 52. Calculate the greatest common factor of 5 and q.
5
Suppose 30 = 5*s + 2*h, 2*s = -3*h + h + 6. Suppose -t = 3*t - 96. What is the greatest common factor of t and s?
8
Let r(q) = -3*q + 47. Let h be r(15). Let x = 6 + -4. Let a(c) = c**2. Let d be a(x). Calculate the highest common divisor of d and h.
2
Let v = 89 - 39. Let w(r) = 6*r**2 - 5*r. Suppose 9*d - 25 = 4*d. Let g be w(d). What is the greatest common divisor of v and g?
25
Let n be (-4)/3 + 2/(-3). Let q be 1305/36 - n/(-8). Let k(c) = -c + 18. Let f be k(0). What is the highest common divisor of q and f?
18
Let a(f) = -28*f + 4. Let b be a(-5). Let v = 49 - 33. What is the greatest common divisor of b and v?
16
Let s = -31 + 3. Let g = 40 + s. Let p(n) = n**2 + 3*n + 14. Let z be p(-10). Calculate the greatest common divisor of g and z.
12
Suppose 3*i - 3*a + 3 = 0, -i - 3 = -5*i - 3*a. Suppose i*r + 3 = r. Calculate the greatest common factor of r and 33.
3
Let w = -38 + 42. Suppose -3*l = 2*k - 8*l - 3, 4*k = l + 15. Calculate the greatest common divisor of w and k.
4
Suppose -6*j = 2*j - 48. Suppose 116 = 3*o - a, o - 2*o = 2*a - 27. Let g = o - -23. What is the highest common factor of g and j?
6
Let g(r) = r - 4. Let i be g(8). Let v be (2/(-8))/(i/(-304)). Calculate the greatest common divisor of v and 19.
19
Let v(d) = 4*d - 7. Let g be v(7). Calculate the highest common factor of 14 and g.
7
Suppose -5*u = 10*u - 405. Calculate the highest common divisor of 9 and u.
9
Suppose 4*g = 5*p - 40, p - 29 = g + 4*g. What is the highest common divisor of 36 and p?
4
Suppose 5*w - 143 + 18 = 0. Let i be 0/(1 + (0 - -1)). Suppose -2*f = -u + 15, 3*u - 6*f + 2*f - 35 = i. Calculate the greatest common divisor of u and w.
5
Suppose 5*i - 240 = -2*v, 3*i - 88 = -v + 57. What is the highest common factor of i and 20?
10
Let o be -3*1 + (-471)/(-3). Calculate the greatest common divisor of 14 and o.
14
Suppose -118 - 522 = -5*o. Let y be (0 - 5)*(-392)/(-10). Let l be 1/(-3) + y/(-12). Calculate the highest common divisor of l and o.
16
Suppose -12 + 0 = -3*x. Let d be ((-63)/(-18))/(2/x). What is the highest common factor of d and 21?
7
Let m = 50 + -41. Calculate the greatest common factor of 6 and m.
3
Let u(j) be the first derivative of -j**4/4 + 2*j**3 + 11*j**2/2 - 6*j - 1. Let l be u(7). Calculate the greatest common divisor of 11 and l.
11
Let q = -17 + 25. Let r(f) = 2*f**2 - 3*f + 2. Let i be 2/(-4)*(0 + -12). Let l be r(i). What is the highest common divisor of q and l?
8
Let v be -5 + -1 + 4 + -8. Let y = v + 28. Calculate the highest common factor of 45 and y.
9
Suppose 3*f = -5*j, 6*f - 11 = 5*f + 2*j. Let d be 4/(-12)*-40*3. Calculate the greatest common divisor of d and f.
5
Let b(c) = c**3 + 2*c**2 + 5*c - 2. Let m be b(4). Let f = m + -78. Let s(x) = x. Let k be s(4). What is the greatest common factor of f and k?
4
Let r = -18 + 34. Let m = r + 103. What is the greatest common factor of m and 17?
17
Suppose -2*p = 2*i - 14, 4*p + 2 = 5*i + 12. Suppose -d = -6*d + p*l, 2*d - 4*l = 2. Let n be -4 + 5 - 83/d. Calculate the greatest common factor of n and 12.
12
Suppose -4*w + 3*x = -0*x + 15, 0 = -w + x - 5. Let u = 1 - w. What is the highest common divisor of 9 and u?
1
Let p(b) = b + 9. Let u be p(-7). Let w be 0*1/(-3) + u. Let z be (w/6)/((-4)/(-60)). Calculate the highest common factor of 55 and z.
5
Let b(n) = -2*n**2 - 5*n + 3*n**2 + 5*n. Let t be b(6). What is the greatest common factor of t and 24?
12
Let b be (0 - (-1 + -1)) + 1. Suppose -41 = -3*k - 4*z, 2*k + b*z - 17 = 10. Calculate the greatest common divisor of k and 15.
15
Suppose 0 = -13*z + 9*z + 424. Calculate the greatest common divisor of 159 and z.
53
Suppose -b - 20 = -3*b. Suppose -4*d = -5*z - 11, 5*z = 3*d + 4 - 11. Let m be d*44/2 + 2. What is the greatest common factor of b and m?
10
Suppose 2*b + 5*w = -0*w + 145, 2*w = b - 77. What is the greatest common divisor of b and 15?
15
Suppose 124 = 3*g - 92. Calculate the greatest common factor of 27 and g.
9
Let f(j) = 3*j - 2. Let y be f(3). Let x be 8/28 - 1018/(-14). Suppose 2*d + 5*i - 85 = -3*d, -x = -5*d - i. What is the greatest common divisor of d and y?
7
Suppose r + 69 = 5*v, 0 = -5*v + 4*r - 2*r + 73. Calculate the greatest common divisor of 13 and v.
13
Suppose -39 = -0*h - 3*h. Let w = 25 - h. Calculate the highest common divisor of 60 and w.
12
Let x = 31 + -21. What is the highest common divisor of x and 2?
2
Let r(g) be the third derivative of 7*g**6/60 + g**4/24 - g**3/6 + 3*g**2. Let y be r(1). What is the highest common factor of 2 and y?
2
Let v(o) = -o**2 - 12*o + 1. Let z be v(-11). Let q be 1*-6*3/(-6). Suppose -13 = -q*a - 4. Calculate the greatest common factor of z and a.
3
Let x = 14 + -6. Let l = 2 + -3. Let v = x - l. Calculate the highest common divisor of v and 45.
9
Suppose 0 = 2*y - 60 - 14. Let z = 23 + y. Calculate the greatest common divisor of 24 and z.
12
Let j = -19 - -22. Let w = 39 + -3. Suppose -w = -4*f + j*t + 3, -5*f - 3*t = -69. Calculate the highest common divisor of 12 and f.
12
Let q(u) = -u**2 - 10*u - 10. Let n be q(-4). Calculate the highest common divisor of n and 84.
14
Suppose 0 = 3*p - 126 - 57. Let k = -16 + p. What is the highest common factor of k and 15?
15
Suppose 0 = -4*t + 2*t + 3*h + 262, 4*h = 3*t - 391. Calculate the highest common factor of 25 and t.
25
Let o(k) = -7*k**2 - 3*k + 1. Let f be o(-3). Let g = f + 83. Let m = g + 3. Calculate the highest common divisor of m and 11.
11
Let k(m) = 13*m. Let b be k(1). Suppose -3*x = b - 64. Suppose 10*a = 14*a - 68. Calculate the highest common factor of x and a.
17
Suppose -5*o + 20 = 0, 2*m + o = m + 16. Let g be -1*m*(0 - 12). Let f = -15 + 31. What is the highest common divisor of f and g?
16
Let t(p) = -p**3 - 6*p**2 + 5. Let a be t(-6). Suppose 8 = x - a. What is the highest common divisor of 26 and x?
13
Suppose 0*j - 4*j = -12. Let z be j/(-2 - (-33)/12). Calculate the highest common factor of 12 and z.
4
Let v = 9 - 5. Let j be 0 + (v*11 - 0). Let i(s) = s**3 - s - 2. Let r be i(2). Calculate the greatest common divisor of r and j.
4
Let b be ((-33)/(-5))/(33/55). Suppose -3*x = -0*x - 162. Suppose 0 = 3*a - 285 + x. Calculate the highest common factor of b and a.
11
Suppose m - 4*m = -3*g + 12, 2*g + 4*m = 14. Let z(i) = i**3 + 9*i**2 - 8*i + 21. Let w be z(-10). Calculate the greatest common factor of w and g.
1
Let a be 23 + 7 + -3 + -7. What is the highest common factor of 4 and a?
4
Let q(z) = -z. Let k be q(-2). Suppose k*d + 26 = -0*a + 3*a, 0 = -3*a - d + 23. Suppose -4*f = -0 - 16. What is the highest common factor of f and a?
4
Let j be 258/33 - (-8)/44. Calculate the greatest common factor of 56 and j.
8
Let g(b) be the third derivative of b**5/20 - b**4/24 - b**3/3 + 2*b**2. Let q be g(2). Suppose 144 = 3*f - f. What is the highest common factor of q and f?
8
Suppose 0 = -2*r + 2*f - 42, -r - 3*f = 6 + 3. Let b be (-2 + (-14)/4)*r. What is the greatest common factor of 11 and b?
11
Let d be ((-3)/(-9))/1*0. Suppose 0*n - n + 3 = d. What is the highest common factor of n and 3?
3
Let x(i) = -i**2 - 6*i + 5. Let u be x(-6). Suppose w - u = -2. What is the greatest common factor of 9 and w?
3
Let w(d) = -d + 13. Let g be w(10). What is the highest common factor of 57 and g?
3
Let x(y) = y**2 - 10*y - 9. Let c be x(11). Suppose 0 = -n + 2, 4*h - c*n = -7*n + 202. Suppose 3*u = 21 + 15. What is the highest common divisor of u and h?
12
Let d = 72 - 63. Calculate the greatest common factor of d and 18.
9
Suppose 3*d + 22 = 5*a + 2*d, 0 = -3*a + 4*d + 3. Suppose 5*t = -2*i + 24, a*t + i = 34 - 7. Calculate the greatest common factor of 42 and t.
6
Suppose -2*a = 8*a - 2530. What is the greatest common factor of 23 and a?
23
Suppose -8 + 5 = 3*u, 5*u = i - 39. Suppose 4*g - i = 2*g. Let l = -10 + g. Calculate the greatest common factor of 63 and l.
7
Suppose -5 = 